te a(8).
-21
Let y(d) = 162*d - 3246. Determine y(20).
-6
Let v(r) = r**3 + 46*r**2 - r - 92. Determine v(-46).
-46
Let u(f) = -18*f - 28. Determine u(11).
-226
Let r(w) = -w**2 + 122*w + 2550. Determine r(-18).
30
Let y(g) = g**2 + 3669*g - 11011. Calculate y(3).
5
Let a(d) = 52*d + 166. What is a(-2)?
62
Let t(g) = -1492*g - 7522. Calculate t(-5).
-62
Let y(x) = -2*x**3 - 56*x**2 + 58*x + 94. Give y(-29).
94
Let v(t) = 348*t - 11861. Determine v(34).
-29
Let v(l) = -l**2 - 4708*l - 14114. What is v(-3)?
1
Let b(f) = -3*f**2 + 106*f - 966. Give b(23).
-115
Let i(a) = 2*a**2 + 61*a - 196. Determine i(3).
5
Let w(i) = 2*i**3 + 177*i**2 + 92*i + 354. What is w(-88)?
2
Let v(k) = 4*k**2 + 25*k - 51. Determine v(-9).
48
Let j(n) = -52*n + 229. Give j(6).
-83
Let m(w) = -684*w + 674. Calculate m(1).
-10
Let k(g) = -379*g - 15. Give k(-1).
364
Let m(u) = 25*u + 81. What is m(0)?
81
Let r(q) = -2*q**2 + 6*q + 1. Calculate r(-9).
-215
Let v(a) = 38*a**2 - 54*a - 34. Determine v(2).
10
Let f(c) = 2367*c - 2283. Determine f(1).
84
Let t(c) = 5*c**3 - 3*c**2 + 2465*c + 2468. Give t(-1).
-5
Let y(r) = 229*r - 911. What is y(4)?
5
Let j(y) = 3*y**2 - 24*y - 262. What is j(14)?
-10
Let a(w) = -269*w + 4026. Calculate a(15).
-9
Let r(f) = -f**3 + 46*f**2 - 62*f - 1163. Calculate r(44).
-19
Let w(f) = 1576*f - 26786. What is w(17)?
6
Let g(v) = 55*v**2 + 10*v + 23. Give g(-2).
223
Let x(i) = 54*i - 12. Calculate x(-3).
-174
Let d(k) = -29*k - 198. What is d(-11)?
121
Let d(i) = -i**2 - 40*i - 388. What is d(-18)?
8
Let z(f) = -f**3 - 16*f**2 - 30*f + 208. Give z(-12).
-8
Let v(z) = -68*z - 301. Calculate v(-18).
923
Let u(t) = -44*t - 1312. Determine u(-30).
8
Let d(t) = 2*t**3 - 58*t**2 - 363*t + 789. Give d(34).
7
Let s(j) = -22*j**2 - 91*j + 63. What is s(-5)?
-32
Let d(x) = 25*x**2 + 3*x. What is d(3)?
234
Let c(g) = -137*g + 1921. Calculate c(14).
3
Let a(n) = -3804*n - 57052. Determine a(-15).
8
Let v(t) = 3*t**2 + 35*t - 125. Determine v(3).
7
Let q(x) = 55*x + 987. What is q(-18)?
-3
Let j(z) = 8*z**2 + 141*z + 90. What is j(-16)?
-118
Let f(y) = y**3 - 17*y**2 + 14*y + 186. Give f(15).
-54
Let s(h) = 24*h**2 + 190*h + 381. What is s(-2)?
97
Let q(r) = 460*r - 5182. What is q(11)?
-122
Let l(n) = 9*n**3 - 24*n**2 - 8*n + 17. What is l(3)?
20
Let q(x) = -20*x - 394. Calculate q(-12).
-154
Let h(j) = 2*j**2 - 109*j - 1695. Calculate h(67).
-20
Let d(r) = 3*r**3 + 13*r**2 - 11*r + 1. Determine d(-6).
-113
Let c(m) = -9*m**2 + 69*m - 21. What is c(8)?
-45
Let s(y) = -y**3 - 13*y**2 - 6*y + 40. Determine s(-5).
-130
Let p(f) = 3*f - 601. Give p(-39).
-718
Let q(x) = 2*x**3 - 73*x**2 + 95*x - 137. Determine q(35).
-487
Let w(r) = 4*r**2 + 16*r - 309. Give w(-11).
-1
Let h(a) = -268*a + 2. What is h(0)?
2
Let z(b) = -2900*b + 8693. Determine z(3).
-7
Let s(m) = -m**2 - 310*m + 43. Determine s(0).
43
Let c(g) = -2*g**2 - 43*g - 46. Determine c(-17).
107
Let r(w) = -w**2 - 24*w - 75. Determine r(-4).
5
Let c(x) = -5*x**2 + 28*x + 106. What is c(-6)?
-242
Let y(f) = 3902*f + 15609. Give y(-4).
1
Let c(n) = 8*n - 52. Calculate c(4).
-20
Let g(w) = -112*w**2 - 157*w + 2. Calculate g(-1).
47
Let o(p) = -99*p + 281. Give o(8).
-511
Let h(q) = -q**3 + 44*q**2 - 363*q. Give h(11).
0
Let i(n) = -n**2 + n + 4846. Calculate i(70).
16
Let z(t) = -t**3 + 53*t**2 + 53*t + 140. Determine z(54).
86
Let c(k) = k**3 + k**2 + 16*k + 52. Determine c(0).
52
Let z(c) = -39*c**2 - 15*c - 9. Calculate z(-3).
-315
Let r(u) = -u**3 - 19*u**2 - 63*u. Give r(-15).
45
Let x(f) = -153*f - 200. What is x(-7)?
871
Let u(z) = z**3 - 12*z**2 + 35*z - 429. Give u(12).
-9
Let u(v) = 2*v**3 + 42*v**2 + 12*v - 561. What is u(-20)?
-1
Let u(k) = 60*k + 288. Determine u(-5).
-12
Let z(i) = -i**2 + 413*i - 9837. Calculate z(25).
-137
Let u(o) = -o**2 - 19*o + 181. What is u(-32)?
-235
Let x(h) = -5*h**2 + 162*h - 977. Calculate x(8).
-1
Let o(i) = i**3 + 323*i**2 - 146*i - 47156. Determine o(-323).
2
Let y(s) = s**2 - 13*s - 17. Determine y(19).
97
Let p(i) = 69*i**2 + 1156*i - 9. Give p(-17).
280
Let k(j) = -j**3 + 88*j**2 - 370*j + 2848. Give k(84).
-8
Let v(n) = -n**3 - 12*n**2 - 3*n + 158. Calculate v(-10).
-12
Let t(a) = -a**2 + 502*a - 2. Determine t(0).
-2
Let y(r) = -119*r - 456. Give y(-5).
139
Let d(c) = -2*c**2 + 34*c - 213. Give d(12).
-93
Let i(d) = -d**3 + 81*d**2 + 8*d - 684. Give i(81).
-36
Let c(i) = 6*i**3 + 131*i**2 - 53*i - 29. Give c(-22).
653
Let c(k) = 2*k**2 - 234*k + 1335. Calculate c(111).
3
Let p(u) = -u**3 - 8*u**2 - 9*u + 24. Determine p(-8).
96
Let v(i) = -4*i**3 - i**2 + 1. Determine v(-1).
4
Let q(j) = 22*j + 1318. Determine q(-61).
-24
Let q(o) = -o**3 - 26*o**2 + 2*o - 10. Calculate q(-26).
-62
Let a(z) = -8*z**2 - 168*z - 2. Give a(-21).
-2
Let k(s) = -s**3 - 9*s**2 + 13*s - 70. Give k(-11).
29
Let o(i) = 188*i - 3502. Give o(21).
446
Let j(t) = -t**2 + 49*t - 227. What is j(6)?
31
Let z(v) = 4*v**2 + 107*v - 161. Give z(-28).
-21
Let d(x) = 5*x - 216. Calculate d(39).
-21
Let z(t) = -540*t + 13. Calculate z(0).
13
Let t(x) = -21*x - 195. Give t(-10).
15
Let z(j) = -j**2 + 81*j - 229. What is z(78)?
5
Let z(s) = 125*s - 611. What is z(5)?
14
Let l(h) = -h - 34. Give l(-37).
3
Let i(a) = -4054*a - 186497. Determine i(-46).
-13
Let z(y) = -149*y - 15356. Determine z(-103).
-9
Let h(i) = 2*i**3 + 104*i**2 + 3*i + 144. What is h(-52)?
-12
Let i(g) = 466*g - 1403. Give i(3).
-5
Let x(u) = -u**2 + 92*u - 1093. Give x(78).
-1
Let d(p) = 7*p**3 - 12*p**2 + 3. Determine d(-2).
-101
Let x(g) = 292*g**3 - 2*g**2 - 1. Determine x(-1).
-295
Let j(i) = i**2 - 4*i - 240. Calculate j(-16).
80
Let a(s) = 2*s**2 + 94*s + 1102. Give a(-24).
-2
Let m(y) = 4*y + 14. What is m(-5)?
-6
Let s(w) = 4*w**2 + 37*w + 3. Calculate s(-7).
-60
Let y(o) = -68*o + 4246. Determine y(69).
-446
Let j(d) = 6201*d + 37202. Determine j(-6).
-4
Let j(o) = o**3 + 18*o**2 + 65*o + 39. Calculate j(-4).
3
Let a(m) = -m**3 + 6*m**2 - 10*m + 14. Determine a(8).
-194
Let g(i) = i**2 - 22*i + 106. Determine g(7).
1
Let v(f) = f**3 - 4*f**2 + 29*f - 234. Give v(6).
12
Let k(h) = 470*h + 23957. Calculate k(-51).
-13
Let u(a) = -2*a**3 + 33*a**2 + 141*a - 4. Determine u(20).
16
Let x(c) = -3*c**2 - 84*c - 87. Give x(-27).
-6
Let i(h) = -14*h**2 + 53*h - 3. What is i(0)?
-3
Let k(y) = 11*y**2 + 124*y + 25. Determine k(-11).
-8
Let j(y) = -y**3 - 35*y**2 - 25*y + 319. Calculate j(-34).
13
Let c(d) = d**2 + 119*d - 23200. Give c(-223).
-8
Let s(m) = -157*m**2 + 1255*m + 17. Calculate s(8).
9
Let y(g) = 107*g - 2227. Determine y(19).
-194
Let v(s) = 454*s + 2279. Calculate v(-5).
9
Let q(y) = -y**2 + 135*y - 2114. Determine q(19).
90
Let a(h) = -27*h + 23. Give a(3).
-58
Let g(c) = -3*c**2 + 276*c - 1776. Calculate g(7).
9
Let s(v) = 12*v**2 - 29*v - 5. Calculate s(-3).
190
Let u(n) = -2*n**2 + 2*n + 131. Give u(-7).
19
Let x(d) = d**3 - 78*d**2 - 167*d + 548. Give x(80).
-12
Let i(k) = 417*k**2 + 79*k + 80. Determine i(-1).
418
Let w(u) = -896*u - 19711. Calculate w(-22).
1
Let c(o) = -5*o - 120. Calculate c(-16).
-40
Let g(m) = m**2 - 136*m + 1048. Calculate g(8).
24
Let r(k) = 8846*k + 1. Determine r(0).
1
Let v(p) = -4*p**2 - 37*p - 563. What is v(-11)?
-640
Let b(i) = i**2 + 7*i - 65. What is b(6)?
13
Let y(p) = p**3 + 25*p**2 - 25*p + 72. Determine y(-26).
46
Let b(m) = 2*m - 451. Determine b(46).
-359
Let c(d) = -2*d**3 - 66*d**2 + 60*d - 189. Determine c(-34).
83
Let s(j) = j**3 + 23*j**2 + 54*j - 125. Give s(-20).
-5
Let c(o) = 14*o**3 - 109*o**2 - 25*o - 2. Give c(8).
-10
Let u(q) = 2*q**3 - 26*q**2 - 32*q - 23. Calculate u(14).
-79
Let u(y) = -2*y**3 - 35*y**2 - 87*y - 187. Give u(-15).
-7
Let v(b) = -27*b + 328. Give v(16).
-104
Let z(m) = 2*m**3 + 25*m**2 + 3*m + 30. Determine z(-12).
138
Let w(g) = g**3 - 15*g**2 + 17*g + 25. What is w(14)?
67
Let d(o) = -o**3 - 16*o**2 - 16*o - 1385. What is d(-19)?
2
Let y(n) = -9*n**3 - 217*n**2 - 24*n - 144. Determine y(-24).
-144
Let i(g) = g**3 - 118*g**2 + 557*g. Determine i(5).
-40
Let b(x) = -281*x + 10067. Calculate b(36).
-49
Let l(t) = -149*t + 441. Determine l(3).
-6
Let i(z) = z**3 + 21*z**2 - 24*z + 31. Calculate i(-22).
75
Let s(k) = 2*k**3 + 27*k**2 + 71*k + 31. Give s(-7).
171
Let f(o) = -6*o**2 - 44*o + 232. Give f(-13).
-210
Let u(z) = 70*z + 794.